ate 0 - (-7 + 0) - (261 - 257).
3
What is the value of (2 - 11) + (-17 - -23) - 11?
-14
Evaluate (4 - 0) + (19 - 22 - 5).
-4
Calculate -4 + -3 - 0 - -9.
2
2 + (3 - 1) + -8 + 9 + -9
-4
(-4 + (5 + -2 - -1) - 9) + 34
25
-1 + (-1 - -5 - (8 + 0 + -1))
-4
What is (1 + 7 - (-1 + (-28 - -14))) + -5?
18
4 + (-9 + 5 + 3 - 2) - 3
-2
What is 0 - (-1 + -4 + -23 + 13)?
15
Evaluate -4 + (6 - (-8 + 9)) - -4 - -9.
14
Calculate 38 + -9 + -10 + -6.
13
Evaluate 11 + (3 - (2 + (-11 - -1))).
22
Calculate (31 - (3 + -2)) + (-12 - 14) + 20.
24
-40 - (-39 - (-22 + -3))
-26
What is the value of -7 + 24 + -27 + 17?
7
Calculate -9 - (1 - ((6 - -5) + -19)).
-18
What is (-54 + 26 - -19) + (1 - (-2 - 4))?
-2
-3 + -19 + (189 - 171)
-4
What is the value of (-1989 - -1987) + (1 - 1) + 9?
7
Evaluate 70 + -19 + 2 + -5 - (-1 + 13).
36
What is -7 + (2 - (-7 + -9 + 10))?
1
4 - 22 - (-6 - -3 - 4)
-11
What is 8 + -8 + (-4 - -3 - 6) - -14?
7
-19 + 24 + -1 + -13 + 8
-1
What is (-6 - (-2 + 0)) + 13 + -3 - 11?
-5
(10 - 3) + -10 + 14
11
Calculate 26 + (-1 + 5 + -5 - 4) - -6.
27
Evaluate 7 + 18 - 41 - -19.
3
Evaluate -22 - (-2 - (2 - 3) - (257 - 267)).
-31
What is -13 - ((0 - -14) + -7) - 4?
-24
Calculate 3 - 2 - 1 - (167 + -153).
-14
Evaluate (15 - 6) + -3 + (-8 - -4).
2
What is the value of 9 + -13 + 7 + -24 - -6?
-15
2100 + -2101 + 12 + -3 + (3 - 1)
10
-106 - -98 - ((0 - -2) + 1)
-11
(5 + -2 - 2) + (-71 - -65)
-5
What is the value of -5 - (1 - -6 - (-5 - -7)) - 3?
-13
Calculate -8 - (-4 + (-14 - -6) + 8).
-4
What is (1 - (1 + 0) - (-809 - -806)) + -5?
-2
Calculate -2 + -7 + (-5 - (1 - 6)).
-9
Calculate 6 - 0 - (20 + 9 + -10).
-13
Evaluate 2 + (13 - -8 - 36).
-13
Calculate 1 + (-14 - (3 - 12)).
-4
What is the value of 11 - (-31 + 31 + -3 + 2)?
12
What is the value of 23 + 8 - (-4 - (-21 - -7))?
21
Evaluate -9 - (-4 - (-2 + 4)) - 7.
-10
Evaluate 1 - 8 - (2 + 17 + -22) - 0.
-4
Calculate (-10 - 1) + 19 + -12.
-4
Evaluate -8 - (-1 + (-3 + 7 - 9 - -1)).
-3
2498 + -2430 - (1 + 34)
33
What is the value of (-13 - (-20 - -17)) + -2?
-12
What is the value of 31 - (-34 + 4 - -65)?
-4
44 + 11 + -11 + -39
5
Calculate 9 + 1 + -7 - (-3 - -5).
1
What is 8 + -6 + -1 + -3 + 2?
0
What is the value of 5 + (12 - (28 + -6) - -5)?
0
Evaluate -6 - (12 + (-16 - 9)).
7
Evaluate (5 - 23) + (-1 - (0 - 3)) + -7.
-23
Calculate (9 - (7 + 3) - -9 - 2) + 24.
30
15 - (17 - (-22 + 32))
8
Evaluate -35 - (-34 + (14 - 12)).
-3
What is the value of -9 - -16 - 1 - (0 + 6)?
0
Evaluate -3 + (-17 - -11) - -14.
5
What is (-2 - -40) + -21 - 23?
-6
Evaluate -15 - (18 + -22) - 8.
-19
Evaluate -7 - -3 - ((3 - 24) + 8).
9
Calculate 15 + -8 + 1 - 3.
5
What is 7 + (-4 - -2) + (-10 - (-18 - -1))?
12
What is the value of 26 - 24 - (13 + -1 + 1)?
-11
Calculate 9 - (1 - 4) - (57 + -32).
-13
What is the value of (-18 - -1) + -83 + 214 + -86?
28
Calculate 10 + (-9 - 11) - -8.
-2
5 - (-2 - -4 - (11 - 2))
12
Calculate 6 - (-2 + 13 + 5 + -7 + 2).
-5
Evaluate 6 - (15 - ((0 - -2) + 4)).
-3
3 - (-20 + 2 + 0)
21
31 + -13 - 13 - -1
6
What is the value of -8 - -1 - (-11 - (10 + -24 + 3))?
-7
Evaluate (18 - 30 - -19) + -24.
-17
Calculate -7 + -3 + 7 + 3 + (-13 - -3).
-10
12 + 0 - (144 - 171)
39
What is 0 + -9 + (3 - (26 + -3))?
-29
What is -2 + -11 + -9 + 1 + 14?
-7
Evaluate -3 + -17 - 7 - -30.
3
Evaluate 15 + (-12 - -2) - 16.
-11
What is the value of -21 + 2 - (19 + -20 - 5)?
-13
Evaluate 27 - -8 - (2 + (6 - -5)).
22
Evaluate 6 + -14 + 4 + (0 - 5 - -2).
-7
-18 - -5 - (-19 - -9 - -9)
-12
What is the value of 5 + -1 + 21 + (21 - 39)?
7
What is 68 - -9 - 116 - (2 - 12)?
-29
What is -18 + -10 + 13 + 0?
-15
What is 82 - 93 - (-19 - 3)?
11
What is the value of -1 + (-3 - 0 - -7) + -24 + 21?
0
Calculate 101 + -108 + (-5 - -1) + 13.
2
What is (70 - 100) + -1 + 0 + (-6 - -6)?
-31
Evaluate (-95 + 62 - -17) + (0 - -15).
-1
What is (17 - 14) + -4 + 7?
6
9 - (-4 + -21 + 37)
-3
Evaluate 21 + (-5 - 30 - -25).
11
(9 - (24 - 17)) + 4
6
Calculate 11 - (26 - (-2 + 7)).
-10
9 + -29 + 8 + -2 + 1 - 3
-16
(9 - 29 - -16) + -5
-9
What is the value of 10 + -8 + 0 - (2 - (4 - 5))?
-1
What is 16 - (-17 + 14 - -8)?
11
What is the value of 87 + -112 - (11 - 9)?
-27
What is (-3 - (3 - 1)) + (-17 - -29) + -14?
-7
What is the value of 8 + -9 + 11 - 38 - -8?
-20
What is the value of -8 - (-35 + (8 - -1) + 10)?
8
Calculate (14 - 12 - (11 + -1)) + 23.
15
Calculate 0 + 6 + (0 - 9).
-3
What is the value of 22 + -9 - (13 + 0 - 3)?
3
What is (19 - -1) + (-103 - -94)?
11
What is the value of 6 - (4 + -9 - 2)?
13
What is 9 - (8 + (15 - 17))?
3
What is -5 + 0 + 23 + -7 + -2 + -8?
1
Calculate -31 + -10 + 7 - (12 + -26).
-20
What is the value of (0 - -2) + (-12 - -11) + 2?
3
Calculate -13 + (10 - (-11 + 7 - -7)) - -6.
0
What is -3 + -1 + -2 + 33 + -12?
15
What is the value of -248 + 250 - (8 - 0)?
-6
What is (0 - -1) + (20 - 18) + (0 - -2)?
5
What is 31 + -29 + 11 + (-12 - 0)?
1
What is 467 - 470 - (0 - 11)?
8
Calculate -10 + (-5 - -8 - (4 + -1) - -23).
13
What is 89 + -87 + 0 + -35 - (4 - 0)?
-37
What is 4 - (3 + -35 - -33)?
3
What is 11 + (1840 - 1857 - (-7 - (2 + -1)))?
2
Calculate -12 - (-23 - 8) - -4.
23
Evaluate (-1 - 22 - -14) + -17.
-26
Calculate -1 + -36 + (338 - 299).
2
What is -7 + 10 + (17 - 3) + -6?
11
What is -2 - -6 - (7 - (15 + -7) - -3)?
2
5 + 6 - (25 - 4)
-10
What is 2 + (7 - 2) + (2 - 0 - -3)?
12
Evaluate (-13 - -22) + -22 - -2.
-11
Evaluate 1 - (9 + -3) - (4 - (-6 + 3)).
-12
Calculate 2 + ((7 - (4 - 4)) + -3 - 19).
-13
Evaluate 7 - 4 - (1 + 21) - (25 + -33).
-11
5 + (-5 - (6 + -12)) - 6 - 12
-12
What is the value of (-16 - (20 - 32)) + 16?
12
What is the value of (528 - 522) + (15 - (1 + 0))?
20
What is -8 + 4 + (-7 - (-9 + (-4 - -11)))?
-9
What is (15 - -1 - 0) + -16?
0
What is 3 - (-7 + 6 + -1 - 1 - -7)?
-1
Calculate -8 + -1 + 19 + 2 + 1.
13
Evaluate -212 + 214 - (-11 - 2).
15
Evaluate 3 - (-17 - (1 + (-11 - -12))).
22
(9 - ((-16 - -11) + 3)) + 0
11
(-10 - -5) + 13 - (6 - -3)
-1
What is the value of 1224 - 1212 - ((1 - 2) + 13)?
0
Evaluate (19 - (-6 - -17)) + -5 - 9.
-6
0 + 7 + 1 + 0 + -12 + 17
13
Calculate (-18 - (-11 - (-3 + 1))) + -10.
-19
-8 + 25 - 24 - -25
18
Evaluate -21 + (-34 - -28 - (3 + -2)).
-28
Calculate -17 + (18 - (7 - 11 - -8)).
-3
(33 - (10 - 5)) + -20
8
-2 - (3 - (6 + -17 + 9))
-7
Evaluate 0 - (2 + -6) - -2.
6
What is 2 + -9 + -8 - (-4 - -3) - -7?
-7
What is the value of 32 - ((11 - -26 - 22) + 0 + -6)?
23
Evaluate 42 - 36 - (8 + -6).
4
Calculate 10 - 8 - 23 - (-13 - 0 - -3).
-11
3 + (-7 - -3) + -90 + 86
-5
What is the value of 0 - (-11 + 1) - (-850 - -862)?
-2
Calculate 2 + 6 - (-37 - -70 - (-2 + 12)).
-15
What is (-6 - -5) + (20 - -4) + -15?
8
What is the value of 0 - (0 - -2 - 6)?
4
What is the value of 8 + -1 + 11 + -19 + 13?
12
-2 + 16 - (33 + (0 - 24))
5
Evaluate 7 + (-11 - (3 - -2)).
-9
What is the value of -6 - (-5 - ((-5 - -10) + -17))?
-13
Evaluate (-1 - 26) + (6 - (-7 + 3 + 2)).
-19
Evaluate (6 - -7) + (25 - 22) + (-1 - 0).
15
What is the value of -4 - (-2 + 1 + (0 - (-3 - -6)))?
0
What is the value of (4 - 0) + (-125 + 125 - (-6 + -2))?
12
What is 4 + (-11 - -6) + 2 + 5 + -2?
4
(-5 - (-4 - -6) - -1) + 14
8
8 - (-16 - (-21 - -9))
12
Evaluate 11 + (16 - (10 + 9)).
8
What is (-45 - -14) + 23 - 3?
-11
-7 + (9 - 9) + 2 - -1
-4
(-11 - (10 + -1)) + -8 + -1 + 9
-20
Calculate -9 - (-12 + 3 + 4).
-4
Calculate -2 + 1 - (1 + 5).
-7
Calculate 28 + 49 + -76 - (5 - 2).
-2
What is the value of (-9 + -22 - -37) + (-8 - 0) + -9?
-11
What is -2 + (-4 + 4 - -6) + -11 + -1?
-8
Evaluate 20 + 3 - (5 + (11 - 9)).
16
Calculate 20 + -43 + 20 + (0 + 2 - -9).
8
-11 + -1 + 1 + 79 + -72 - 5
-9
Calculate -1 - -19 - (90 - 87).
15
Evaluate -13 + (7 - (4 - 0)).
-10
Calculate -25 - (-13 + (-26 + 16 - -15)).
-17
Evaluate (4 - -2) + (23 - 16).
13
Calculate (0 + -1 - (-2 + 12)) + 67 + -65.
-9
Evaluate (5 + (-11 - -6) - -8) + (-1 - -6).
13
Calculate (-2 - (-2 - -1)) + -1 + (-11 - -7).
-6
Evaluate 40 + -20 - (32 + -15).
3
What is the value of -53 + 23 - -18 - -25?
13
What is -3 + (9 - 11) - (-3 - -5) - -11?
4
19 + (4 - 5) - (-38 - -50)
6
What is the value of 0 + -10 - (6 + -23 + 27 + 3)?
-23
What is the value of -6 + 18 + (5 + -9 - (10 - 4))?
2
What is the value of -7 + -20 + (19 - 4)?
-12
Evaluate -6 + 1 - 0 - (-11 - 9).
15
Evaluate 5 + 5 + -2 + -2 + 0 + 1.
7
(-5 - 14 - -22) + 4 